s + 13 = 0, 2*s + 2*s + 8 = 3*g. Let x be (10 + (-8 - g))*3. Suppose l - q - 21 = 0, 5*q = -3*l - x + 81. What is the tens digit of l?
2
Let p = -501 + 475. What is the hundreds digit of ((-221)/p)/((-2)/(-320)*4)?
3
What is the units digit of (-6200)/6*(-19)/(152/60)?
0
Let m = -51661 - -97173. What is the thousands digit of m?
5
Suppose 0 = -2*t - 5 + 21. Suppose -8 = t*r - 32. Suppose r*l + 5*l - 808 = 0. What is the hundreds digit of l?
1
Let d(k) = 20 + 22*k**3 + 4*k - 8*k**3 - k**2 - 13*k**3. What is the tens digit of d(0)?
2
What is the tens digit of (1078/(-98) + (-1 - -20993))*1?
8
Suppose 3*l + 81*f = 76*f + 14, 4*f - 19 = -5*l. Suppose 0 = 3*c - 7*c + 20. Suppose 25 = l*s - c. What is the units digit of s?
0
Let c = -27 + 4. Let m = 26 + c. What is the tens digit of (0 - -1)/((-1056)/354 + m)?
5
Suppose 5*w - w - 4*v - 6036 = 0, -5*w - 4*v + 7599 = 0. What is the units digit of w?
5
Let z = -20060 + 28766. What is the hundreds digit of z?
7
Let z(h) be the second derivative of h**4/4 - 5*h**3/6 - 12*h**2 - 2*h + 22. What is the tens digit of z(11)?
8
What is the tens digit of -39*(1334/(-12) + 9/18)?
1
Suppose 0 = 4*p + 5*z - 51077, -p + 13817 = -3*z + 1035. What is the thousands digit of p?
2
Let a(y) = y**3 + 11*y**2 - 27*y + 14. Let m be a(-13). Suppose 0 = -26*j + m*j - 1011. What is the thousands digit of j?
1
Let w(g) = -2*g**3 - 35*g**2 - 41*g - 497. What is the units digit of w(-23)?
5
Let x(v) = 81*v - 11 - 8 - 3 + 130*v - 11. What is the tens digit of x(3)?
0
Let x = 705 - 595. What is the tens digit of 11*4/x - (-7626)/10?
6
Let d = -191 - 72. Let u = d - -180. Let z = u - -143. What is the units digit of z?
0
Let d(w) = -4*w**3 + 5*w**2 + 5*w. Let k be d(-2). Suppose 4*i - 34 = k. Suppose -i*s - 1072 = -27*s. What is the tens digit of s?
3
Suppose 0 = 2*t - 1 + 11, 0 = -d + 5*t + 52. What is the tens digit of 5 - (18/d - 3086/3)?
3
Suppose -325 = -10*b - 195. Suppose -43*h + b*h = -44880. What is the hundreds digit of h?
4
What is the hundreds digit of ((-98)/(-28))/(1/2354)*(-1 + 3)?
4
Let i = 200 - 41. Let f = -90 + i. What is the units digit of f?
9
Let z(x) be the first derivative of 1/3*x**3 + 11 + 9/4*x**4 - 4*x + 0*x**2. What is the tens digit of z(2)?
7
Suppose 46 - 46 = 3*w, 5*m - 27525 = 3*w. What is the units digit of m?
5
What is the units digit of (-2569*168/882)/(2/(-33))?
4
Let q be -1 + 3 - (-46 + 43). Suppose -3*v + 56 = q*y, 6*v = 8*v - 4*y - 74. What is the units digit of v?
7
Let w(q) be the first derivative of 100*q**3/3 - 2*q**2 + 7*q + 150. What is the units digit of w(3)?
5
Suppose -18*k + 141890 - 35798 = 0. What is the hundreds digit of k?
8
Suppose 5*z = -5*h - 0*h + 325, -10 = 2*h. Let m = z - -32. What is the hundreds digit of m?
1
Let d(g) = 23*g**2 - 26*g + 70. What is the units digit of d(-6)?
4
Suppose -443232 = -4110*f + 4091*f. What is the units digit of f?
8
Suppose 0 = 64*p - 69*p + 45. Let i be (-12)/p*(-3474)/24. Let z = -123 + i. What is the tens digit of z?
7
Suppose -o = -j - 3, -4*j - 8 = 5*o + 4. Let c(q) = -q**3 + q**2 + 3*q + 404. Let y be c(o). Suppose 3*d + d - y = 0. What is the tens digit of d?
0
Let s be (1 - 3/(18/66))*85. Let l = s + 1256. What is the units digit of l?
6
What is the tens digit of 2928 + ((-660)/(-11))/15?
3
Let p = 91969 - 38022. What is the thousands digit of p?
3
Let x(z) = 15*z + 171. Let h be x(9). Suppose -2*i + 1269 = 2*i + l, -i - 4*l = -h. What is the hundreds digit of i?
3
Suppose 31*k + 29*k = 3005000 - 825020. What is the units digit of k?
3
Suppose -108285 + 585770 = 29*v. What is the units digit of v?
5
What is the units digit of ((-206)/206)/(2/(-23704) - 0)?
2
Suppose 3*o - 4*r = 18, -o + 2*r = 2*o - 12. Suppose 0 = -4*q + 3*h + 4716, 1037 = 2*q - o*h - 1323. What is the units digit of q?
6
Let f(t) = -t**3 - 20*t**2 - 2*t - 38. Let i be f(-24). Suppose -i = -8*c + 1158. What is the hundreds digit of c?
4
Let b be -293*((3 - 6) + 6). Let x = 1466 + b. What is the hundreds digit of x?
5
What is the hundreds digit of -15 + 15 - (-18678 + -2)?
6
Suppose 5*x + 12 = 4*u + 3, -3*u = 2*x - 1. What is the tens digit of -3 - u/(-5 - (-10388)/2078)?
3
Let z = -11 - -16. Let i(d) = -d**2 + 2*d - 1. Let l(r) = r**2 + 5*r + 10. Let t(s) = -2*i(s) + l(s). What is the units digit of t(z)?
2
Let c = 23 + -20. Suppose -8 = -2*h, h + 18 = -2*a + c*h. Let u(p) = -14*p - 32. What is the units digit of u(a)?
8
Suppose 1013 = 6*t - 637. Suppose -t + 3124 = 7*x. What is the hundreds digit of x?
4
Let t(p) = p**2 - 241*p - 1254. What is the tens digit of t(-101)?
8
Let i(g) = g**2 - 1. Let s be i(0). What is the tens digit of (7/21*5)/(s/(-135))?
2
Suppose 4*v + 2004 = -636. Let o = v + 1002. What is the units digit of o?
2
Let v(u) = -1012*u - 6053. What is the hundreds digit of v(-62)?
6
Let j(w) = 4*w + 31. Let t be j(-11). Let p(n) = -n**3 - 12*n**2 + 8*n - 27. Let q be p(t). Suppose -c + q = 13. What is the tens digit of c?
2
Let z(i) = 292*i**2 - 1642*i + 13087. What is the units digit of z(8)?
9
Let o(u) = 272*u**2 + 2*u + 1. Let q be o(-2). Let k be 2*(q/10)/7. Let z = k + 7. What is the units digit of z?
8
Suppose -37*m - 14234 = 20*m - 66104. What is the tens digit of m?
1
Suppose -3*x = 3*x - 12. Suppose -2*o + 2*s = 6*s - 472, -1228 = -5*o + x*s. What is the tens digit of o?
4
What is the ten thousands digit of (-19003175)/(-483) - (-18)/(-378)?
3
Let m(b) = -88*b + 3048. What is the units digit of m(-16)?
6
Let n = -7983 - -8010. Let y(f) = -2*f + 54 + 7*f - 17. What is the tens digit of y(n)?
7
What is the tens digit of -8384*(1 + 6/(-12))*-1?
9
Let l = -460 - -463. Suppose -5*c = 4*q - 4746, 0 = -9*c + 6*c + l*q + 2853. What is the hundreds digit of c?
9
Suppose 5*p - 268 = -3*h, -5*p + 5*h = 4*h - 284. Suppose -p = -2*v - 0*v. What is the units digit of 12*(v/12)/((-1)/(-2))?
6
Suppose 287716 = 99*h - 47*h. What is the thousands digit of h?
5
Let t(v) = -18*v + 291. Let q be t(16). Suppose q*f - 3*j - 489 = 0, 4*j + 335 = 2*f - j. What is the hundreds digit of f?
1
Let w = 186 + -184. Suppose 0 = -4*i - w*t + 1406, 176 - 1581 = -4*i - 3*t. What is the tens digit of i?
5
Let h(c) be the second derivative of -c**3/3 + 7*c**2 - 10*c. Let s be ((-63)/12)/((-6)/(-16)). What is the units digit of h(s)?
2
Let o = -29211 - -45226. What is the tens digit of o?
1
What is the hundreds digit of -2 + (-391587)/(-27) + (16/36)/(-2)?
5
Let o(a) = -84*a - 14. Let f be o(-3). Suppose 4*v - 10*w = -11*w - 939, -3*w = -v - f. Let g = -139 - v. What is the tens digit of g?
9
Let m be 115/2 + 12/8. Let h be (-114)/(-5)*45/18. Let n = m - h. What is the units digit of n?
2
Suppose 0 = -123*p + 110*p + 1950. Suppose -3*t = -8*t, 0 = 3*m + 4*t + 135. Let l = m + p. What is the units digit of l?
5
Suppose 0 = 5*r - f + 31, -6*r - 9 = -4*r + 3*f. Let d be (2396/(-10))/(r*(-5)/(-75)). Suppose d = 4*a - 153. What is the units digit of a?
8
Suppose m + 3*q = 1118 + 1760, q = 3*m - 8614. Suppose -y + a + 590 = -4*a, -a + m = 5*y. What is the units digit of y?
5
Suppose -14 = -8*y - 38. Let z be (4 - (0 + 5 + -4)) + y. Suppose s - 133 + 17 = z. What is the units digit of s?
6
Suppose b - 18*y = -21*y - 1016, -3*b - y = 3048. Let u = -625 - b. What is the tens digit of u?
9
Suppose 11*w - 9*w - 794 = 0. Suppose u = w - 35. What is the units digit of u?
2
Suppose 8*h - 3*h - 2*j = 6168, -5*h + 4*j = -6176. Let y = h + -841. What is the tens digit of y?
9
Let x(z) = 5*z - 747. Let v(o) = -2*o + 374. Let f(u) = 7*v(u) + 3*x(u). Let d be f(0). Let h = -227 + d. What is the hundreds digit of h?
1
Suppose 0 = 36*f - 39*f - 2172. Let l = -340 - f. What is the tens digit of l?
8
Let o(f) = 4*f**2 - 35*f + 20. Let r be o(8). What is the tens digit of r/(-2)*(-5 - (-444)/24)?
2
Suppose 703*h = 1412*h - 696*h - 87815. What is the units digit of h?
5
Suppose -45*u = 30*u - 263400. What is the tens digit of u?
1
Let p(i) = -2*i + 16. Let h be p(8). Suppose -3*v - 3*v + 294 = h. Suppose v = -2*b + 3*b. What is the units digit of b?
9
Let k = 3 + -9. What is the units digit of (-100)/(-24) + 1/k?
4
Let q = -2 + 2. Let z be (1812/(-36))/(5/(-15)). Suppose -3*g + z + 143 = q. What is the units digit of g?
8
Suppose 2*r + 1 = -4*f + 9, 3*f - 16 = r. Let x(m) = 11*m**3 - 3*m**2 + m - 11. Wh